{"id":594,"date":"2020-11-24T18:18:19","date_gmt":"2020-11-24T23:18:19","guid":{"rendered":"https:\/\/albertopreciado.com\/?page_id=594"},"modified":"2021-12-03T16:46:40","modified_gmt":"2021-12-03T21:46:40","slug":"derecho-tributario","status":"publish","type":"page","link":"https:\/\/albertopreciado.com\/es\/areas-de-practica\/derecho-tributario\/","title":{"rendered":"Derecho tributario"},"content":{"rendered":"\r\n<div style=\"height:60px\" aria-hidden=\"true\" class=\"wp-block-spacer\"><\/div>\r\n\r\n\r\n\r\n<figure class=\"wp-block-image size-large is-style-seal-rigth\"><img decoding=\"async\" width=\"312\" height=\"313\" src=\"https:\/\/albertopreciado.com\/wp-content\/uploads\/2020\/08\/Sello-naranja.svg\" alt=\"\" class=\"wp-image-308\" srcset=\"https:\/\/albertopreciado.com\/wp-content\/uploads\/\/2020\/08\/Sello-naranja.svg 150w, https:\/\/albertopreciado.com\/wp-content\/uploads\/\/2020\/08\/Sello-naranja.svg 300w, https:\/\/albertopreciado.com\/wp-content\/uploads\/\/2020\/08\/Sello-naranja.svg 1024w, https:\/\/albertopreciado.com\/wp-content\/uploads\/\/2020\/08\/Sello-naranja.svg 1536w, https:\/\/albertopreciado.com\/wp-content\/uploads\/\/2020\/08\/Sello-naranja.svg 2048w, https:\/\/albertopreciado.com\/wp-content\/uploads\/\/2020\/08\/Sello-naranja.svg 312w\" sizes=\"(max-width: 312px) 100vw, 312px\" \/><\/figure>\r\n\r\n\r\n\r\n<div class=\"wp-block-columns is-layout-flex wp-container-core-columns-is-layout-9d6595d7 wp-block-columns-is-layout-flex\">\r\n<div class=\"wp-block-column is-layout-flow wp-block-column-is-layout-flow\">\r\n<div style=\"height:40px\" aria-hidden=\"true\" class=\"wp-block-spacer\"><\/div>\r\n\r\n\r\n\r\n<p class=\"has-text-align-left mb-0 has-text-color has-small-font-size\" style=\"color:#4b5369\"><strong>LA MEJOR<\/strong><\/p>\r\n\r\n\r\n\r\n<h2 class=\"title-after is-style-title-after wp-block-heading\">definici\u00f3n<\/h2>\r\n\r\n\r\n\r\n<p>El derecho tributario es transversal a las diferentes \u00e1reas del derecho. Desde nuestra \u00e1rea de derecho tributario, buscamos brindar permanentemente asesor\u00eda y planeaci\u00f3n en impuestos nacionales y tratados internacionales, a personas naturales y jur\u00eddicas, nacionales y extranjeras.<\/p>\r\n<\/div>\r\n\r\n\r\n\r\n<div class=\"wp-block-column is-layout-flow wp-block-column-is-layout-flow\">\r\n<figure class=\"wp-block-image size-large\"><img decoding=\"async\" width=\"565\" height=\"377\" src=\"https:\/\/albertopreciado.com\/wp-content\/uploads\/2021\/02\/Areas-de-practica_F.jpg\" alt=\"\" class=\"wp-image-817\" srcset=\"https:\/\/albertopreciado.com\/wp-content\/uploads\/2021\/02\/Areas-de-practica_F.jpg 565w, https:\/\/albertopreciado.com\/wp-content\/uploads\/2021\/02\/Areas-de-practica_F-300x200.jpg 300w, https:\/\/albertopreciado.com\/wp-content\/uploads\/2021\/02\/Areas-de-practica_F-16x12.jpg 16w\" sizes=\"(max-width: 565px) 100vw, 565px\" \/><\/figure>\r\n<\/div>\r\n<\/div>\r\n\r\n\r\n\r\n<div style=\"height:60px\" aria-hidden=\"true\" class=\"wp-block-spacer\"><\/div>\r\n\r\n\r\n\r\n<p class=\"has-text-align-center is-style-paragraph-background is-style-with-background\"><strong>DESDE ESTA \u00c1REA BUSCAMOS APOYAR A NUESTROS CLIENTES, EN:<\/strong><\/p>\r\n\r\n\r\n\r\n<div style=\"height:50px\" aria-hidden=\"true\" class=\"wp-block-spacer\"><\/div>\r\n\r\n\r\n\r\n<div class=\"wp-block-columns is-layout-flex wp-container-core-columns-is-layout-9d6595d7 wp-block-columns-is-layout-flex\">\r\n<div class=\"wp-block-column is-layout-flow wp-block-column-is-layout-flow\">\r\n<div class=\"wp-block-abg-bisel\"><img decoding=\"async\" src=\"https:\/\/albertopreciado.com\/wp-content\/uploads\/2020\/11\/derecho-comercial-2.png\"\/><div><p>Planeaci\u00f3n patrimonial y tributaria de personas naturales, nacionales y extranjeras<\/p><\/div><\/div>\r\n\r\n\r\n\r\n<div class=\"wp-block-abg-bisel\"><img decoding=\"async\" src=\"https:\/\/albertopreciado.com\/wp-content\/uploads\/2020\/11\/derecho-comercial-2.png\"\/><div><p>Tributaci\u00f3n nacional y tratados internacionales<\/p><\/div><\/div>\r\n<\/div>\r\n\r\n\r\n\r\n<div class=\"wp-block-column is-layout-flow wp-block-column-is-layout-flow\">\r\n<div class=\"wp-block-abg-bisel\"><img decoding=\"async\" src=\"https:\/\/albertopreciado.com\/wp-content\/uploads\/2020\/11\/derecho-comercial-2.png\"\/><div><p>Tributaci\u00f3n de entidades sin \u00e1nimo de lucro<\/p><\/div><\/div>\r\n<\/div>\r\n\r\n\r\n\r\n<div class=\"wp-block-column is-layout-flow wp-block-column-is-layout-flow\">\r\n<div class=\"wp-block-abg-bisel\"><img decoding=\"async\" src=\"https:\/\/albertopreciado.com\/wp-content\/uploads\/2020\/11\/derecho-comercial-2.png\"\/><div><p>Litigios en impuestos<\/p><\/div><\/div>\r\n<\/div>\r\n\r\n\r\n\r\n<div class=\"wp-block-column is-layout-flow wp-block-column-is-layout-flow\">\r\n<div class=\"wp-block-abg-bisel\"><img decoding=\"async\" src=\"https:\/\/albertopreciado.com\/wp-content\/uploads\/2020\/11\/derecho-comercial-2.png\"\/><div><p><\/p><p>Impuestos nacionales de las sociedades<\/p><\/div><\/div>\r\n<\/div>\r\n<\/div>\r\n\r\n\r\n\r\n<div class=\"wp-block-cover alignwide has-background-dim mb-0 pb-0\" style=\"background-color:#f4ede6\"><div class=\"wp-block-cover__inner-container is-layout-flow wp-block-cover-is-layout-flow\">\r\n<div class=\"wp-block-columns mb-0 is-layout-flex wp-container-core-columns-is-layout-9d6595d7 wp-block-columns-is-layout-flex\">\r\n<div class=\"wp-block-column mb-0 is-layout-flow wp-block-column-is-layout-flow\">\r\n<div style=\"height:60px\" aria-hidden=\"true\" class=\"wp-block-spacer\"><\/div>\r\n\r\n\r\n\r\n<p class=\"has-text-align-left mb-0 has-text-color has-small-font-size\" style=\"color:#4b5369\"><strong>NUESTROS<\/strong><\/p>\r\n\r\n\r\n\r\n<h2 class=\"title-after is-style-title-after wp-block-heading\">objetivos<\/h2>\r\n\r\n\r\n\r\n<div style=\"height:60px\" aria-hidden=\"true\" class=\"wp-block-spacer\"><\/div>\r\n\r\n\r\n\r\n<ul class=\"text-align-justify wp-block-list\"><li><strong>Optimizar la carga tributaria de nuestros clientes en sus estructuras de negocio y relaciones contractuales<\/strong><\/li><li><strong>Implementar estructuras fiscalmente eficientes en las transacciones nacionales e internacionales<\/strong><\/li><li><strong>Evitar sanciones y cometer infracciones en materia de impuestos<\/strong><\/li><li><strong>Aplicar tratados de doble tributaci\u00f3n a las operaciones nacionales<\/strong><\/li><\/ul>\r\n\r\n\r\n\r\n<div style=\"height:60px\" aria-hidden=\"true\" class=\"wp-block-spacer\"><\/div>\r\n\r\n\r\n\r\n<div class=\"wp-block-buttons aligncenter is-layout-flex wp-block-buttons-is-layout-flex\">\r\n<div class=\"wp-block-button\"><a class=\"wp-block-button__link\" href=\"https:\/\/albertopreciado.com\/es\/contacto\/\">TE AYUDAMOS<\/a><\/div>\r\n<\/div>\r\n\r\n\r\n\r\n<div style=\"height:60px\" aria-hidden=\"true\" class=\"wp-block-spacer\"><\/div>\r\n<\/div>\r\n\r\n\r\n\r\n<div class=\"wp-block-column mb-0 is-layout-flow wp-block-column-is-layout-flow\"><\/div>\r\n<\/div>\r\n<\/div><\/div>\r\n","protected":false},"excerpt":{"rendered":"<p>LA MEJOR definici\u00f3n El derecho tributario es transversal a las diferentes \u00e1reas del derecho. Desde nuestra \u00e1rea de derecho tributario, buscamos brindar permanentemente asesor\u00eda y planeaci\u00f3n en impuestos nacionales y tratados internacionales, a personas naturales y jur\u00eddicas, nacionales y extranjeras. DESDE ESTA \u00c1REA BUSCAMOS APOYAR A NUESTROS CLIENTES, EN:<\/p>\n","protected":false},"author":1,"featured_media":0,"parent":149,"menu_order":0,"comment_status":"closed","ping_status":"closed","template":"","meta":{"_seopress_robots_primary_cat":"","footnotes":""},"class_list":["post-594","page","type-page","status-publish"],"acf":[],"banner":{"id":153,"src":"https:\/\/albertopreciado.com\/wp-content\/uploads\/2020\/08\/areas-practica.jpg"},"_links":{"self":[{"href":"https:\/\/albertopreciado.com\/es\/wp-json\/wp\/v2\/pages\/594","targetHints":{"allow":["GET"]}}],"collection":[{"href":"https:\/\/albertopreciado.com\/es\/wp-json\/wp\/v2\/pages"}],"about":[{"href":"https:\/\/albertopreciado.com\/es\/wp-json\/wp\/v2\/types\/page"}],"author":[{"embeddable":true,"href":"https:\/\/albertopreciado.com\/es\/wp-json\/wp\/v2\/users\/1"}],"replies":[{"embeddable":true,"href":"https:\/\/albertopreciado.com\/es\/wp-json\/wp\/v2\/comments?post=594"}],"version-history":[{"count":7,"href":"https:\/\/albertopreciado.com\/es\/wp-json\/wp\/v2\/pages\/594\/revisions"}],"predecessor-version":[{"id":821,"href":"https:\/\/albertopreciado.com\/es\/wp-json\/wp\/v2\/pages\/594\/revisions\/821"}],"up":[{"embeddable":true,"href":"https:\/\/albertopreciado.com\/es\/wp-json\/wp\/v2\/pages\/149"}],"wp:attachment":[{"href":"https:\/\/albertopreciado.com\/es\/wp-json\/wp\/v2\/media?parent=594"}],"curies":[{"name":"wp","href":"https:\/\/api.w.org\/{rel}","templated":true}]}}

<div style="height:60px" aria-hidden="true" class="wp-block-spacer"></div>



<figure class="wp-block-image size-large is-style-seal-rigth"><img decoding="async" width="312" height="313" src="https://albertopreciado.com/wp-content/uploads/2020/08/Sello-naranja.svg" alt="" class="wp-image-308" srcset="https://albertopreciado.com/wp-content/uploads//2020/08/Sello-naranja.svg 150w, https://albertopreciado.com/wp-content/uploads//2020/08/Sello-naranja.svg 300w, https://albertopreciado.com/wp-content/uploads//2020/08/Sello-naranja.svg 1024w, https://albertopreciado.com/wp-content/uploads//2020/08/Sello-naranja.svg 1536w, https://albertopreciado.com/wp-content/uploads//2020/08/Sello-naranja.svg 2048w, https://albertopreciado.com/wp-content/uploads//2020/08/Sello-naranja.svg 312w" sizes="(max-width: 312px) 100vw, 312px" /></figure>



<div class="wp-block-columns is-layout-flex wp-container-core-columns-is-layout-9d6595d7 wp-block-columns-is-layout-flex">
<div class="wp-block-column is-layout-flow wp-block-column-is-layout-flow">
<div style="height:40px" aria-hidden="true" class="wp-block-spacer"></div>



<p class="has-text-align-left mb-0 has-text-color has-small-font-size" style="color:#4b5369"><strong>LA MEJOR</strong></p>



<h2 class="title-after is-style-title-after wp-block-heading">definición</h2>



<p>El derecho tributario es transversal a las diferentes áreas del derecho. Desde nuestra área de derecho tributario, buscamos brindar permanentemente asesoría y planeación en impuestos nacionales y tratados internacionales, a personas naturales y jurídicas, nacionales y extranjeras.</p>
</div>



<div class="wp-block-column is-layout-flow wp-block-column-is-layout-flow">
<figure class="wp-block-image size-large"><img decoding="async" width="565" height="377" src="https://albertopreciado.com/wp-content/uploads/2021/02/Areas-de-practica_F.jpg" alt="" class="wp-image-817" srcset="https://albertopreciado.com/wp-content/uploads/2021/02/Areas-de-practica_F.jpg 565w, https://albertopreciado.com/wp-content/uploads/2021/02/Areas-de-practica_F-300x200.jpg 300w, https://albertopreciado.com/wp-content/uploads/2021/02/Areas-de-practica_F-16x12.jpg 16w" sizes="(max-width: 565px) 100vw, 565px" /></figure>
</div>
</div>



<div style="height:60px" aria-hidden="true" class="wp-block-spacer"></div>



<p class="has-text-align-center is-style-paragraph-background is-style-with-background"><strong>DESDE ESTA ÁREA BUSCAMOS APOYAR A NUESTROS CLIENTES, EN:</strong></p>



<div style="height:50px" aria-hidden="true" class="wp-block-spacer"></div>



<div class="wp-block-columns is-layout-flex wp-container-core-columns-is-layout-9d6595d7 wp-block-columns-is-layout-flex">
<div class="wp-block-column is-layout-flow wp-block-column-is-layout-flow">
<div class="wp-block-abg-bisel"><img decoding="async" src="https://albertopreciado.com/wp-content/uploads/2020/11/derecho-comercial-2.png"/><div><p>Planeación patrimonial y tributaria de personas naturales, nacionales y extranjeras</p></div></div>



<div class="wp-block-abg-bisel"><img decoding="async" src="https://albertopreciado.com/wp-content/uploads/2020/11/derecho-comercial-2.png"/><div><p>Tributación nacional y tratados internacionales</p></div></div>
</div>



<div class="wp-block-column is-layout-flow wp-block-column-is-layout-flow">
<div class="wp-block-abg-bisel"><img decoding="async" src="https://albertopreciado.com/wp-content/uploads/2020/11/derecho-comercial-2.png"/><div><p>Tributación de entidades sin ánimo de lucro</p></div></div>
</div>



<div class="wp-block-column is-layout-flow wp-block-column-is-layout-flow">
<div class="wp-block-abg-bisel"><img decoding="async" src="https://albertopreciado.com/wp-content/uploads/2020/11/derecho-comercial-2.png"/><div><p>Litigios en impuestos</p></div></div>
</div>



<div class="wp-block-column is-layout-flow wp-block-column-is-layout-flow">
<div class="wp-block-abg-bisel"><img decoding="async" src="https://albertopreciado.com/wp-content/uploads/2020/11/derecho-comercial-2.png"/><div><p></p><p>Impuestos nacionales de las sociedades</p></div></div>
</div>
</div>



<div class="wp-block-cover alignwide has-background-dim mb-0 pb-0" style="background-color:#f4ede6"><div class="wp-block-cover__inner-container is-layout-flow wp-block-cover-is-layout-flow">
<div class="wp-block-columns mb-0 is-layout-flex wp-container-core-columns-is-layout-9d6595d7 wp-block-columns-is-layout-flex">
<div class="wp-block-column mb-0 is-layout-flow wp-block-column-is-layout-flow">
<div style="height:60px" aria-hidden="true" class="wp-block-spacer"></div>



<p class="has-text-align-left mb-0 has-text-color has-small-font-size" style="color:#4b5369"><strong>NUESTROS</strong></p>



<h2 class="title-after is-style-title-after wp-block-heading">objetivos</h2>



<div style="height:60px" aria-hidden="true" class="wp-block-spacer"></div>



<ul class="text-align-justify wp-block-list"><li><strong>Optimizar la carga tributaria de nuestros clientes en sus estructuras de negocio y relaciones contractuales</strong></li><li><strong>Implementar estructuras fiscalmente eficientes en las transacciones nacionales e internacionales</strong></li><li><strong>Evitar sanciones y cometer infracciones en materia de impuestos</strong></li><li><strong>Aplicar tratados de doble tributación a las operaciones nacionales</strong></li></ul>



<div style="height:60px" aria-hidden="true" class="wp-block-spacer"></div>



<div class="wp-block-buttons aligncenter is-layout-flex wp-block-buttons-is-layout-flex">
<div class="wp-block-button"><a class="wp-block-button__link" href="https://albertopreciado.com/es/contacto/">TE AYUDAMOS</a></div>
</div>



<div style="height:60px" aria-hidden="true" class="wp-block-spacer"></div>
</div>



<div class="wp-block-column mb-0 is-layout-flow wp-block-column-is-layout-flow"></div>
</div>
</div></div>

<p>LA MEJOR definición El derecho tributario es transversal a las diferentes áreas del derecho. Desde nuestra área de derecho tributario, buscamos brindar permanentemente asesoría y planeación en impuestos nacionales y tratados internacionales, a personas naturales y jurídicas, nacionales y extranjeras. DESDE ESTA ÁREA BUSCAMOS APOYAR A NUESTROS CLIENTES, EN:</p>
