{"id":151,"date":"2020-08-16T11:56:36","date_gmt":"2020-08-16T16:56:36","guid":{"rendered":"http:\/\/albertopreciado.com\/sitio\/?page_id=151"},"modified":"2022-09-02T16:52:17","modified_gmt":"2022-09-02T21:52:17","slug":"derecho-comercial-y-estrategias-corporativas","status":"publish","type":"page","link":"https:\/\/albertopreciado.com\/en\/areas-de-practica\/derecho-comercial-y-estrategias-corporativas\/","title":{"rendered":"Corporate Law and Corporate Strategies"},"content":{"rendered":"<div style=\"height:40px\" aria-hidden=\"true\" class=\"wp-block-spacer\"><\/div>\n\n\n\n<div style=\"height:60px\" aria-hidden=\"true\" class=\"wp-block-spacer\"><\/div>\n\n\n\n<figure class=\"wp-block-image size-large is-style-seal-rigth\"><img decoding=\"async\" width=\"312\" height=\"313\" src=\"http:\/\/albertopreciado.com\/sitio\/wp-content\/uploads\/2020\/08\/Sello-naranja.svg\" alt=\"\" class=\"wp-image-308\" srcset=\"https:\/\/albertopreciado.com\/wp-content\/uploads\/\/2020\/08\/Sello-naranja.svg 150w, https:\/\/albertopreciado.com\/wp-content\/uploads\/\/2020\/08\/Sello-naranja.svg 300w, https:\/\/albertopreciado.com\/wp-content\/uploads\/\/2020\/08\/Sello-naranja.svg 1024w, https:\/\/albertopreciado.com\/wp-content\/uploads\/\/2020\/08\/Sello-naranja.svg 1536w, https:\/\/albertopreciado.com\/wp-content\/uploads\/\/2020\/08\/Sello-naranja.svg 2048w, https:\/\/albertopreciado.com\/wp-content\/uploads\/\/2020\/08\/Sello-naranja.svg 312w\" sizes=\"(max-width: 312px) 100vw, 312px\" \/><\/figure>\n\n\n\n<div class=\"wp-block-columns is-layout-flex wp-container-core-columns-is-layout-9d6595d7 wp-block-columns-is-layout-flex\">\n<div class=\"wp-block-column is-layout-flow wp-block-column-is-layout-flow\">\n<div style=\"height:40px\" aria-hidden=\"true\" class=\"wp-block-spacer\"><\/div>\n\n\n\n<p class=\"has-text-align-left mb-0 has-text-color has-small-font-size\" style=\"color:#4b5369\"><strong>The best<\/strong><\/p>\n\n\n\n<h2 class=\"title-after is-style-title-after wp-block-heading\">DEFINITION<\/h2>\n\n\n\n<p>Commercial law involves a large part of the interactions within a globalized world, either through associations or companies, towards the external or internal sphere of relations between partners. It also involves any commercial activity, from the most basic to the most sophisticated and complex. As for corporate advice and business structuring, we have experience in managing the risks of money laundering, financing of terrorism and anti-corruption.<\/p>\n<\/div>\n\n\n\n<div class=\"wp-block-column is-layout-flow wp-block-column-is-layout-flow\">\n<figure class=\"wp-block-image size-large\"><img decoding=\"async\" width=\"564\" height=\"376\" src=\"https:\/\/albertopreciado.com\/wp-content\/uploads\/2021\/02\/Areas-de-practica_E.jpg\" alt=\"\" class=\"wp-image-811\" srcset=\"https:\/\/albertopreciado.com\/wp-content\/uploads\/2021\/02\/Areas-de-practica_E.jpg 564w, https:\/\/albertopreciado.com\/wp-content\/uploads\/2021\/02\/Areas-de-practica_E-300x200.jpg 300w, https:\/\/albertopreciado.com\/wp-content\/uploads\/2021\/02\/Areas-de-practica_E-16x12.jpg 16w\" sizes=\"(max-width: 564px) 100vw, 564px\" \/><\/figure>\n<\/div>\n<\/div>\n\n\n\n<div style=\"height:60px\" aria-hidden=\"true\" class=\"wp-block-spacer\"><\/div>\n\n\n\n<p class=\"has-text-align-center is-style-paragraph-background is-style-with-background\"><strong>We intend to support:<\/strong><\/p>\n\n\n\n<div style=\"height:50px\" aria-hidden=\"true\" class=\"wp-block-spacer\"><\/div>\n\n\n\n<div class=\"wp-block-columns is-layout-flex wp-container-core-columns-is-layout-9d6595d7 wp-block-columns-is-layout-flex\">\n<div class=\"wp-block-column is-layout-flow wp-block-column-is-layout-flow\">\n<div class=\"wp-block-abg-bisel\"><img decoding=\"async\" src=\"https:\/\/albertopreciado.com\/wp-content\/uploads\/2020\/11\/derecho-comercial-2.png\"\/><div><p>The incorporation, development and structuring of businesses and winding-up of companies<\/p><\/div><\/div>\n\n\n\n<div class=\"wp-block-abg-bisel\"><img decoding=\"async\" src=\"https:\/\/albertopreciado.com\/wp-content\/uploads\/2020\/11\/derecho-comercial-2.png\"\/><div><p>Structuring and application of negotiation strategies.<\/p><\/div><\/div>\n\n\n\n<div class=\"wp-block-abg-bisel\"><img decoding=\"async\" src=\"https:\/\/albertopreciado.com\/wp-content\/uploads\/2020\/11\/derecho-comercial-2.png\"\/><div><p>Risk management regarding money laundering, financing of terrorism and anti-corruption acts.<\/p><\/div><\/div>\n<\/div>\n\n\n\n<div class=\"wp-block-column is-layout-flow wp-block-column-is-layout-flow\">\n<div class=\"wp-block-abg-bisel\"><img decoding=\"async\" src=\"https:\/\/albertopreciado.com\/wp-content\/uploads\/2020\/11\/derecho-comercial-2.png\"\/><div><p>Design of strategies at the level of the different control bodies within companies.<\/p><\/div><\/div>\n\n\n\n<div class=\"wp-block-abg-bisel\"><img decoding=\"async\" src=\"https:\/\/albertopreciado.com\/wp-content\/uploads\/2020\/11\/derecho-comercial-2.png\"\/><div><p>Debates conducted at Stakeholders\u2019 Assemblies or Board meetings.<\/p><\/div><\/div>\n<\/div>\n\n\n\n<div class=\"wp-block-column is-layout-flow wp-block-column-is-layout-flow\">\n<div class=\"wp-block-abg-bisel\"><img decoding=\"async\" src=\"https:\/\/albertopreciado.com\/wp-content\/uploads\/2020\/11\/derecho-comercial-2.png\"\/><div><p>Negotiation and formalization of contracts.<\/p><\/div><\/div>\n\n\n\n<div class=\"wp-block-abg-bisel\"><img decoding=\"async\" src=\"https:\/\/albertopreciado.com\/wp-content\/uploads\/2020\/11\/derecho-comercial-2.png\"\/><div><p>Permanent advice on corporate strategy.<\/p><\/div><\/div>\n<\/div>\n\n\n\n<div class=\"wp-block-column is-layout-flow wp-block-column-is-layout-flow\">\n<div class=\"wp-block-abg-bisel\"><img decoding=\"async\" src=\"https:\/\/albertopreciado.com\/wp-content\/uploads\/2020\/11\/derecho-comercial-2.png\"\/><div><p>Coordination and supervision of the administrative management of our clients' companies.<\/p><\/div><\/div>\n\n\n\n<div class=\"wp-block-abg-bisel\"><img decoding=\"async\" src=\"https:\/\/albertopreciado.com\/wp-content\/uploads\/2020\/11\/derecho-comercial-2.png\"\/><div><p>Structuring of foreign investment and registration before the Central Bank (Banco de la Rep\u00fablica) and other supervision entities.<\/p><\/div><\/div>\n<\/div>\n<\/div>\n\n\n\n<div class=\"wp-block-cover alignwide is-light mb-0 pb-0\"><span aria-hidden=\"true\" class=\"wp-block-cover__background has-background-dim-100 has-background-dim\" style=\"background-color:#f4ede6\"><\/span><div class=\"wp-block-cover__inner-container is-layout-flow wp-block-cover-is-layout-flow\">\n<div class=\"wp-block-columns mb-0 is-layout-flex wp-container-core-columns-is-layout-9d6595d7 wp-block-columns-is-layout-flex\">\n<div class=\"wp-block-column mb-0 is-layout-flow wp-block-column-is-layout-flow\">\n<div style=\"height:60px\" aria-hidden=\"true\" class=\"wp-block-spacer\"><\/div>\n\n\n\n<p class=\"has-text-align-left mb-0 has-text-color has-small-font-size\" style=\"color:#4b5369\"><strong>OUR<\/strong><\/p>\n\n\n\n<h2 class=\"title-after is-style-title-after wp-block-heading\">OBJETIVES<\/h2>\n\n\n\n<div style=\"height:60px\" aria-hidden=\"true\" class=\"wp-block-spacer\"><\/div>\n\n\n\n<div class=\"wp-block-group\"><div class=\"wp-block-group__inner-container is-layout-flow wp-block-group-is-layout-flow\">\n<ul class=\"text-align-justify wp-block-list\"><li><strong>To solve issues with clients\u2019 partners or managers.<\/strong><\/li><li><strong>To plan the future equity of clients\u2019 companies or families.<\/strong><\/li><li><strong>To optimize clients\u2019 businesses through different legal strategies.<\/strong><\/li><li><strong>To manage crisis resulting from involvement of a client\u00b4s partner in money-laundering or related processes.<\/strong><\/li><\/ul>\n<\/div><\/div>\n\n\n\n<div style=\"height:1px\" aria-hidden=\"true\" class=\"wp-block-spacer\"><\/div>\n\n\n\n<div style=\"height:60px\" aria-hidden=\"true\" class=\"wp-block-spacer\"><\/div>\n\n\n\n<div class=\"wp-block-buttons is-content-justification-center is-layout-flex wp-container-core-buttons-is-layout-16018d1d wp-block-buttons-is-layout-flex\">\n<div class=\"wp-block-button\"><a class=\"wp-block-button__link\" href=\"https:\/\/albertopreciado.com\/en\/contacto\/\">WE HELP YOU<\/a><\/div>\n<\/div>\n\n\n\n<div style=\"height:60px\" aria-hidden=\"true\" class=\"wp-block-spacer\"><\/div>\n<\/div>\n\n\n\n<div class=\"wp-block-column mb-0 is-layout-flow wp-block-column-is-layout-flow\"><\/div>\n<\/div>\n<\/div><\/div>","protected":false},"excerpt":{"rendered":"<p>LA MEJOR definici\u00f3n El derecho comercial comprende gran parte de las interacciones dentro de un mundo globalizado, bien a trav\u00e9s de asociaciones o sociedades, hacia el \u00e1mbito externo o interno de las relaciones entre socios. Involucra adem\u00e1s, cualquier actividad mercantil desde la m\u00e1s elemental a la m\u00e1s sofisticada y compleja. En la asesor\u00eda corporativa y [&hellip;]<\/p>","protected":false},"author":1,"featured_media":1085,"parent":149,"menu_order":1,"comment_status":"closed","ping_status":"closed","template":"","meta":{"_seopress_robots_primary_cat":"","footnotes":""},"class_list":["post-151","page","type-page","status-publish","has-post-thumbnail"],"acf":[],"banner":false,"_links":{"self":[{"href":"https:\/\/albertopreciado.com\/en\/wp-json\/wp\/v2\/pages\/151","targetHints":{"allow":["GET"]}}],"collection":[{"href":"https:\/\/albertopreciado.com\/en\/wp-json\/wp\/v2\/pages"}],"about":[{"href":"https:\/\/albertopreciado.com\/en\/wp-json\/wp\/v2\/types\/page"}],"author":[{"embeddable":true,"href":"https:\/\/albertopreciado.com\/en\/wp-json\/wp\/v2\/users\/1"}],"replies":[{"embeddable":true,"href":"https:\/\/albertopreciado.com\/en\/wp-json\/wp\/v2\/comments?post=151"}],"version-history":[{"count":75,"href":"https:\/\/albertopreciado.com\/en\/wp-json\/wp\/v2\/pages\/151\/revisions"}],"predecessor-version":[{"id":1537,"href":"https:\/\/albertopreciado.com\/en\/wp-json\/wp\/v2\/pages\/151\/revisions\/1537"}],"up":[{"embeddable":true,"href":"https:\/\/albertopreciado.com\/en\/wp-json\/wp\/v2\/pages\/149"}],"wp:featuredmedia":[{"embeddable":true,"href":"https:\/\/albertopreciado.com\/en\/wp-json\/wp\/v2\/media\/1085"}],"wp:attachment":[{"href":"https:\/\/albertopreciado.com\/en\/wp-json\/wp\/v2\/media?parent=151"}],"curies":[{"name":"wp","href":"https:\/\/api.w.org\/{rel}","templated":true}]}}

<div style="height:40px" aria-hidden="true" class="wp-block-spacer"></div>



<div style="height:60px" aria-hidden="true" class="wp-block-spacer"></div>



<figure class="wp-block-image size-large is-style-seal-rigth"><img decoding="async" width="312" height="313" src="http://albertopreciado.com/sitio/wp-content/uploads/2020/08/Sello-naranja.svg" alt="" class="wp-image-308" srcset="https://albertopreciado.com/wp-content/uploads//2020/08/Sello-naranja.svg 150w, https://albertopreciado.com/wp-content/uploads//2020/08/Sello-naranja.svg 300w, https://albertopreciado.com/wp-content/uploads//2020/08/Sello-naranja.svg 1024w, https://albertopreciado.com/wp-content/uploads//2020/08/Sello-naranja.svg 1536w, https://albertopreciado.com/wp-content/uploads//2020/08/Sello-naranja.svg 2048w, https://albertopreciado.com/wp-content/uploads//2020/08/Sello-naranja.svg 312w" sizes="(max-width: 312px) 100vw, 312px" /></figure>



<div class="wp-block-columns is-layout-flex wp-container-core-columns-is-layout-9d6595d7 wp-block-columns-is-layout-flex">
<div class="wp-block-column is-layout-flow wp-block-column-is-layout-flow">
<div style="height:40px" aria-hidden="true" class="wp-block-spacer"></div>



<p class="has-text-align-left mb-0 has-text-color has-small-font-size" style="color:#4b5369"><strong>The best</strong></p>



<h2 class="title-after is-style-title-after wp-block-heading">DEFINITION</h2>



<p>Commercial law involves a large part of the interactions within a globalized world, either through associations or companies, towards the external or internal sphere of relations between partners. It also involves any commercial activity, from the most basic to the most sophisticated and complex. As for corporate advice and business structuring, we have experience in managing the risks of money laundering, financing of terrorism and anti-corruption.</p>
</div>



<div class="wp-block-column is-layout-flow wp-block-column-is-layout-flow">
<figure class="wp-block-image size-large"><img decoding="async" width="564" height="376" src="https://albertopreciado.com/wp-content/uploads/2021/02/Areas-de-practica_E.jpg" alt="" class="wp-image-811" srcset="https://albertopreciado.com/wp-content/uploads/2021/02/Areas-de-practica_E.jpg 564w, https://albertopreciado.com/wp-content/uploads/2021/02/Areas-de-practica_E-300x200.jpg 300w, https://albertopreciado.com/wp-content/uploads/2021/02/Areas-de-practica_E-16x12.jpg 16w" sizes="(max-width: 564px) 100vw, 564px" /></figure>
</div>
</div>



<div style="height:60px" aria-hidden="true" class="wp-block-spacer"></div>



<p class="has-text-align-center is-style-paragraph-background is-style-with-background"><strong>We intend to support:</strong></p>



<div style="height:50px" aria-hidden="true" class="wp-block-spacer"></div>



<div class="wp-block-columns is-layout-flex wp-container-core-columns-is-layout-9d6595d7 wp-block-columns-is-layout-flex">
<div class="wp-block-column is-layout-flow wp-block-column-is-layout-flow">
<div class="wp-block-abg-bisel"><img decoding="async" src="https://albertopreciado.com/wp-content/uploads/2020/11/derecho-comercial-2.png"/><div><p>The incorporation, development and structuring of businesses and winding-up of companies</p></div></div>



<div class="wp-block-abg-bisel"><img decoding="async" src="https://albertopreciado.com/wp-content/uploads/2020/11/derecho-comercial-2.png"/><div><p>Structuring and application of negotiation strategies.</p></div></div>



<div class="wp-block-abg-bisel"><img decoding="async" src="https://albertopreciado.com/wp-content/uploads/2020/11/derecho-comercial-2.png"/><div><p>Risk management regarding money laundering, financing of terrorism and anti-corruption acts.</p></div></div>
</div>



<div class="wp-block-column is-layout-flow wp-block-column-is-layout-flow">
<div class="wp-block-abg-bisel"><img decoding="async" src="https://albertopreciado.com/wp-content/uploads/2020/11/derecho-comercial-2.png"/><div><p>Design of strategies at the level of the different control bodies within companies.</p></div></div>



<div class="wp-block-abg-bisel"><img decoding="async" src="https://albertopreciado.com/wp-content/uploads/2020/11/derecho-comercial-2.png"/><div><p>Debates conducted at Stakeholders’ Assemblies or Board meetings.</p></div></div>
</div>



<div class="wp-block-column is-layout-flow wp-block-column-is-layout-flow">
<div class="wp-block-abg-bisel"><img decoding="async" src="https://albertopreciado.com/wp-content/uploads/2020/11/derecho-comercial-2.png"/><div><p>Negotiation and formalization of contracts.</p></div></div>



<div class="wp-block-abg-bisel"><img decoding="async" src="https://albertopreciado.com/wp-content/uploads/2020/11/derecho-comercial-2.png"/><div><p>Permanent advice on corporate strategy.</p></div></div>
</div>



<div class="wp-block-column is-layout-flow wp-block-column-is-layout-flow">
<div class="wp-block-abg-bisel"><img decoding="async" src="https://albertopreciado.com/wp-content/uploads/2020/11/derecho-comercial-2.png"/><div><p>Coordination and supervision of the administrative management of our clients' companies.</p></div></div>



<div class="wp-block-abg-bisel"><img decoding="async" src="https://albertopreciado.com/wp-content/uploads/2020/11/derecho-comercial-2.png"/><div><p>Structuring of foreign investment and registration before the Central Bank (Banco de la República) and other supervision entities.</p></div></div>
</div>
</div>



<div class="wp-block-cover alignwide is-light mb-0 pb-0"><span aria-hidden="true" class="wp-block-cover__background has-background-dim-100 has-background-dim" style="background-color:#f4ede6"></span><div class="wp-block-cover__inner-container is-layout-flow wp-block-cover-is-layout-flow">
<div class="wp-block-columns mb-0 is-layout-flex wp-container-core-columns-is-layout-9d6595d7 wp-block-columns-is-layout-flex">
<div class="wp-block-column mb-0 is-layout-flow wp-block-column-is-layout-flow">
<div style="height:60px" aria-hidden="true" class="wp-block-spacer"></div>



<p class="has-text-align-left mb-0 has-text-color has-small-font-size" style="color:#4b5369"><strong>OUR</strong></p>



<h2 class="title-after is-style-title-after wp-block-heading">OBJETIVES</h2>



<div style="height:60px" aria-hidden="true" class="wp-block-spacer"></div>



<div class="wp-block-group"><div class="wp-block-group__inner-container is-layout-flow wp-block-group-is-layout-flow">
<ul class="text-align-justify wp-block-list"><li><strong>To solve issues with clients’ partners or managers.</strong></li><li><strong>To plan the future equity of clients’ companies or families.</strong></li><li><strong>To optimize clients’ businesses through different legal strategies.</strong></li><li><strong>To manage crisis resulting from involvement of a client´s partner in money-laundering or related processes.</strong></li></ul>
</div></div>



<div style="height:1px" aria-hidden="true" class="wp-block-spacer"></div>



<div style="height:60px" aria-hidden="true" class="wp-block-spacer"></div>



<div class="wp-block-buttons is-content-justification-center is-layout-flex wp-container-core-buttons-is-layout-16018d1d wp-block-buttons-is-layout-flex">
<div class="wp-block-button"><a class="wp-block-button__link" href="https://albertopreciado.com/en/contacto/">WE HELP YOU</a></div>
</div>



<div style="height:60px" aria-hidden="true" class="wp-block-spacer"></div>
</div>



<div class="wp-block-column mb-0 is-layout-flow wp-block-column-is-layout-flow"></div>
</div>
</div></div>

<p>LA MEJOR definición El derecho comercial comprende gran parte de las interacciones dentro de un mundo globalizado, bien a través de asociaciones o sociedades, hacia el ámbito externo o interno de las relaciones entre socios. Involucra además, cualquier actividad mercantil desde la más elemental a la más sofisticada y compleja. En la asesoría corporativa y [&hellip;]</p>
