{"id":227,"date":"2020-08-16T15:11:51","date_gmt":"2020-08-16T20:11:51","guid":{"rendered":"http:\/\/albertopreciado.com\/sitio\/?post_type=equipo&#038;p=227"},"modified":"2023-05-11T17:32:42","modified_gmt":"2023-05-11T22:32:42","slug":"alberto-preciado-pena","status":"publish","type":"equipo","link":"https:\/\/albertopreciado.com\/en\/equipo\/alberto-preciado-pena\/","title":{"rendered":"<a href=\"https:\/\/albertopreciado.com\/es\/equipo\/alberto-preciado-pena\/\">Alberto Preciado Pe\u00f1a<\/a>"},"content":{"rendered":"","protected":false},"excerpt":{"rendered":"<p>Fundador 1951 &#8211; 2015<\/p>\n","protected":false},"featured_media":657,"template":"","cat_equipos":[4],"class_list":{"0":"post-227","1":"equipo","2":"type-equipo","3":"status-publish","4":"has-post-thumbnail","6":"cat_equipo-socios"},"acf":[],"facebook":"","twitter":"","instagram":"","linkedin":"","youtube":"","vimeo":"","cargo":"Fundador 1951-2015","detalle_cargo":"Abogado de la Facultad de Derecho y Ciencias Pol\u00edticas de la Universidad Nacional de Colombia, sus 21 a\u00f1os de edad.\n\n\n\n","perfil":"Ex-Magistrado y Ex-Presidente del Tribunal Administrativo a los 23 a\u00f1os de edad; Magistrado Asistente de la Corte Suprema de Justicia y del Consejo de Estado; Miembro del comit\u00e9 redactor de los C\u00f3digos de Polic\u00eda y Administrativo; Miembro de la lista de \u00e1rbitros de la C\u00e1mara de Comercio de Bogot\u00e1; Miembro principal de la Academia Colombiana de Jurisprudencia como \u201cAcad\u00e9mico de N\u00famero\u201d. Socio Fundador de Preciado Qui\u00f1ones y Rueda desde 1951, firma que se cambio nombre por el actual Preciado Abogados. Cincuenta y cinco (55) a\u00f1os de experiencia como asesor y consultor de diversas compa\u00f1\u00edas nacionales y extranjeras.","_links":{"self":[{"href":"https:\/\/albertopreciado.com\/en\/wp-json\/wp\/v2\/equipo\/227","targetHints":{"allow":["GET"]}}],"collection":[{"href":"https:\/\/albertopreciado.com\/en\/wp-json\/wp\/v2\/equipo"}],"about":[{"href":"https:\/\/albertopreciado.com\/en\/wp-json\/wp\/v2\/types\/equipo"}],"wp:featuredmedia":[{"embeddable":true,"href":"https:\/\/albertopreciado.com\/en\/wp-json\/wp\/v2\/media\/657"}],"wp:attachment":[{"href":"https:\/\/albertopreciado.com\/en\/wp-json\/wp\/v2\/media?parent=227"}],"wp:term":[{"taxonomy":"cat_equipo","embeddable":true,"href":"https:\/\/albertopreciado.com\/en\/wp-json\/wp\/v2\/cat_equipos?post=227"}],"curies":[{"name":"wp","href":"https:\/\/api.w.org\/{rel}","templated":true}]}}

<a href="https://albertopreciado.com/es/equipo/alberto-preciado-pena/">Alberto Preciado Peña</a>

Abogado de la Facultad de Derecho y Ciencias Políticas de la Universidad Nacional de Colombia, sus 21 años de edad.

Ex-Magistrado y Ex-Presidente del Tribunal Administrativo a los 23 años de edad; Magistrado Asistente de la Corte Suprema de Justicia y del Consejo de Estado; Miembro del comité redactor de los Códigos de Policía y Administrativo; Miembro de la lista de árbitros de la Cámara de Comercio de Bogotá; Miembro principal de la Academia Colombiana de Jurisprudencia como “Académico de Número”. Socio Fundador de Preciado Quiñones y Rueda desde 1951, firma que se cambio nombre por el actual Preciado Abogados. Cincuenta y cinco (55) años de experiencia como asesor y consultor de diversas compañías nacionales y extranjeras.
